e units digit of i?
5
Suppose 5*o + 16531 = 60766. What is the tens digit of o?
4
Let h(u) = -5*u**2 + 60*u - 21. Let y be h(10). Suppose -7*d + y = -3470. What is the tens digit of d?
0
Suppose -3137145 = -286*t - 1688015 + 2608352. What is the thousands digit of t?
4
Suppose 761 + 913 = -3*p. Let d = p + 794. What is the hundreds digit of d?
2
Let w be 19/((-76)/(-24)) - 337. Let g = 158 - w. What is the units digit of g?
9
Let y(k) = -k. Let p(l) = -7*l + 29. Let n(f) = -p(f) + 3*y(f). Let d be n(18). Let b = d - -12. What is the tens digit of b?
5
Suppose 640420 = 88*t - 604780. What is the thousands digit of t?
4
What is the units digit of (2 + 113*-668)/(-235 + 233)?
1
Let a be 54/45*40/12. What is the hundreds digit of (0 + 5453/28)/(1/a)?
7
Let q(v) = v**3 - v**2 - 7*v - 8. Let c be q(8). Let g = 214 - c. Let x = 292 + g. What is the units digit of x?
2
Let o = -99 - -103. Suppose -6*m + 3*m - 4*b + 1368 = 0, -3*m + 1392 = -o*b. What is the tens digit of m?
6
Let g(v) = 1516*v + 310. What is the tens digit of g(2)?
4
Suppose -4*r + 2*x - 52 = 0, 16*r - 18*r - 3*x - 26 = 0. Let q(l) = -29*l + 16. What is the units digit of q(r)?
3
Let v be 2/(-5)*(-8 + (-105 - 7)). Suppose 0 = -60*b + v*b + 7980. What is the tens digit of b?
6
Let g = -1549 + 944. Let x = g - -792. What is the hundreds digit of x?
1
Let g = -3381 - -3390. Let b(v) = 3*v**2 + 16*v - 3. Let z(w) = 2*w**2 + 16*w - 2. Let u(h) = 4*b(h) - 5*z(h). What is the tens digit of u(g)?
1
Suppose -3*x - 5*w = -18, 0*x = -5*x + 4*w + 67. Let f(k) = 2*k**2 - 2*k - 15. Let i be f(x). Suppose 3*n - i = -2*n. What is the tens digit of n?
4
Suppose -4*p + 4*y = 24, 3*p - 12 + 6 = -5*y. What is the hundreds digit of 2*p/(-6)*1009?
0
Let j = -143 - -382. Let l = 696 - j. What is the tens digit of l?
5
Suppose a + 3*m = -a + 25, -2*a - 5 = -3*m. Let w(n) = 40 + 2*n - a*n - 20*n - 18*n. What is the units digit of w(-4)?
4
What is the hundreds digit of -9*-7948*(-18)/(-72)?
8
Let h(m) = 12852*m + 937. What is the thousands digit of h(1)?
3
Let t = 15247 - 6136. Suppose -h = -3*u - 1459, -5*h = -3*u - t + 1828. What is the units digit of h?
6
Suppose 917*n - 1840*n = -926*n + 186588. What is the thousands digit of n?
2
Suppose -7062 = -12*z + 121386. What is the thousands digit of z?
0
Suppose 5*m = 2*v + 6 + 61, 0 = -2*m + 2*v + 22. Suppose 24*n - m = 21*n. Suppose -4*d = -2*d - 10, 2*c = -n*d + 113. What is the tens digit of c?
4
Suppose 19123 = 3*p - 2*o, -o - 19127 = -16*p + 13*p. What is the tens digit of p?
7
Let j = 122361 - 84731. What is the thousands digit of j?
7
Suppose 5 + 0 = f, 1691 = 3*x - 5*f. Let h = 1046 - x. What is the hundreds digit of h?
4
Suppose 5*j = 488 - 33. Suppose 0 = 7*l + j + 1008. Let a = l + 249. What is the units digit of a?
2
Let o be 0 - 1 - (-958 + -6). Suppose -20*r = -2537 - o. What is the tens digit of r?
7
Suppose -2*z - 5051 = 4*g - g, 4*z + g + 10077 = 0. Let p = -1072 - z. What is the tens digit of p?
4
Let m(q) = 52*q**2 - 3*q + 197. What is the hundreds digit of m(15)?
8
Suppose -11*k = -4*w - 11171, -5*w - 1 = -21. What is the thousands digit of k?
1
Let u be ((20/3)/(-1))/(4/(-270)). Let z = 709 - u. What is the units digit of z?
9
Let t = -8 - -11. Suppose -2*i + 6*i = -h + 8, 0 = 4*i + t*h - 8. Suppose -77 = 5*j - 2*s - 271, -2*j - i*s + 72 = 0. What is the units digit of j?
8
What is the ten thousands digit of 134*1917/18 + 14/(56/12)?
1
Suppose -2*a + p + 4 + 10 = 0, -2*a + 3*p = -14. What is the tens digit of 354 - ((-3 - 1) + (7 - a))?
5
Let w(q) = -1. Let t(a) = -a + 1. Let o(x) = t(x) - 3*w(x). Let c be o(7). What is the tens digit of (-135)/c + -1 + -3?
4
Suppose b - 120 = -2*b. Let v = -35 + b. Suppose 0 = -4*w + v*u + 865, 0*u = 4*w + u - 835. What is the units digit of w?
0
Let h(c) = 54*c**2 - 2*c + 18. Let n be h(-5). Suppose -1228 = -4*l - f + 147, 4*l + 2*f - n = 0. What is the tens digit of l?
4
Let l(t) be the third derivative of t**4/24 + 5*t**3/3 - 14*t**2 + 4*t. Let f be (-1 - 15)/((-4)/2). What is the tens digit of l(f)?
1
Suppose 4*j + h - 19 = 0, -16 + 13 = 3*j - 5*h. Suppose j*m - 78 = 166. What is the units digit of m?
1
Suppose -z + 31 = -5*q, 35 = 2*z + 2*q + 9. Let s(o) = 2*o + 47. Let j be s(z). Suppose 0 = -2*k + 9 + j. What is the tens digit of k?
4
Let q(v) = -87*v + 6. Let y be q(2). Let o = y + 95. Let b = o - -81. What is the units digit of b?
8
Suppose -41*x - 62223 + 121132 = -58228. What is the thousands digit of x?
2
Let z = -2787 - -20387. What is the hundreds digit of z?
6
Let u(n) be the second derivative of n**3/6 - 5*n. Let l be u(3). What is the hundreds digit of ((-26)/l - 5)/((-2)/18)?
1
Let b(v) = v**2 + 18*v - 26. Let r be b(-20). Suppose -z + 2 = -l, -r + 4 = -z - 3*l. Let i(k) = -k**3 + 6*k**2 - 4*k + 2. What is the tens digit of i(z)?
1
Let u = 11 - 16. Let t(h) be the third derivative of h**5/15 - h**4/12 + 5*h**3/3 + 8*h**2 - 3. What is the hundreds digit of t(u)?
1
Let o be 32/((-5)/30 - (-142)/804). Let p be 16/56 + o/14. Suppose 4*z + p = 646. What is the hundreds digit of z?
1
Let w = -21145 - -30156. What is the hundreds digit of w?
0
Let u(p) be the second derivative of p**5/20 + p**4/2 + p**3 + 2*p**2 + 10*p. Let k be u(-5). What is the tens digit of -6*8*k/2?
2
Let f = -1035 + 1756. Let r = f + -513. Suppose 0 = 5*l - r - 422. What is the hundreds digit of l?
1
Let r(v) = v**2 - 13*v - 14. Let w be r(15). Let o be (w/5 - 0) + 2/(-10). Suppose 349 - 73 = o*t. What is the tens digit of t?
9
Suppose -3*u = -5*k + 5680, u = -4*u. Suppose -2*w - 14*w = -k. Suppose -q + 0*s + w = 4*s, s + 233 = 4*q. What is the tens digit of q?
5
Suppose -10*x - 552 = -4*x. Let r = x - -158. What is the units digit of r?
6
Suppose 21*p = 96*p + 22*p - 704608. What is the units digit of p?
4
Let r(h) = 596*h + 189. Let s be r(6). Suppose s = -3*j + 8*j - 5*v, 749 = j - 3*v. What is the tens digit of j?
5
Suppose -25 = -5*l - b, b - 2 = l - 7. Suppose -4*g + 198 = 2*o - 18, 320 = 3*o + l*g. What is the tens digit of o?
0
Let c(k) = 225*k - 45. Let a(l) = -2*l - 1. Let r(f) = 2*a(f) - c(f). What is the tens digit of r(-3)?
3
Let r(g) = -1049*g - 8985. What is the tens digit of r(-29)?
3
Suppose -4*r + 10594 = 2*j, 0 = 16*j - 12*j + 4*r - 21192. What is the units digit of j?
9
Suppose 35 = v - 10. Suppose -11*x + v - 1 = 0. Suppose 964 = 5*m + a, 5*a + 331 = -x*m + 1098. What is the hundreds digit of m?
1
Let y = 12 - 24. Let p be (y/20)/((-2)/10). Suppose -4*j - 4*z = -752, 4*z + z - 558 = -p*j. What is the tens digit of j?
9
Suppose -27*h + 28*h + 8144 = d, 3*d - 5*h = 24428. What is the hundreds digit of d?
1
Let i be (-110)/(-1) + 0/1. Let h(k) = k**3 + 17*k**2 + 36*k - 46. Let j be h(-14). Suppose -43*b + j*b = -i. What is the tens digit of b?
2
Let n(v) = -2357*v + 2858. What is the thousands digit of n(-14)?
5
Let t = 105 - 36. Suppose -o + 21 = -2*u - u, 5*o - 3*u = t. What is the tens digit of (-5)/15 + 1096/o?
9
Let y = -42 - -35. Let t(o) = -o**3 + 2*o**2 - 5*o - 11. What is the tens digit of t(y)?
6
Suppose y + 5 = -5. Let v(j) = j**3 + 15*j**2 + 4*j + 7. Let l be v(y). Suppose -5*u + l - 42 = 0. What is the tens digit of u?
8
Suppose -103*q - 45*q - 74*q + 2942610 = 0. What is the ten thousands digit of q?
1
Let w(v) = -v**2 - 24*v - 4. Let k be w(-24). What is the units digit of (-3)/(-5) - (k - (-2888)/(-20))?
9
Let q be 4/8*4 - 2/(-2). Suppose -2*a + 17 = s, -5*a + 23 = -q*s - s. Let o = a + 35. What is the tens digit of o?
4
Suppose -4*m + 2*m = -316. Suppose u - m + 18 = 0. Suppose 0 = 4*h - u - 76. What is the tens digit of h?
5
Suppose 20*g - 17*g = 492. Suppose g + 1044 = -4*h. What is the hundreds digit of (-2 + 2 + h)/(-2)?
1
Suppose 16*f = 16774 + 7546. Suppose 5*p - p - 5*l = 6058, p = 4*l + f. What is the units digit of p?
2
Let g = 12451 - 5961. What is the hundreds digit of (-8)/(-12) + g/30?
2
Suppose -2*c + 34882 = -5*s - 5447 + 8309, 5*s = 0. What is the thousands digit of c?
6
Let g(z) = z**3 + 6*z**2 + 7*z + 22. Let i be g(-5). Suppose 14*s - i*s = 398. What is the hundreds digit of s?
1
Suppose -137*a + 1022399 = 124*a - 995131. What is the units digit of a?
0
What is the hundreds digit of ((-28825)/(-75) - 15)*(-1 + -2)/(-1)?
1
Let z(c) = 0*c - c + 10 - 2*c + 5*c. Let t be